16, what is 12fa + -1?
12f9
In base 2, what is 100 - -111011100110?
111011101010
In base 6, what is -2310 + -205?
-2515
In base 16, what is 1a - 4a1cd?
-4a1b3
In base 12, what is 680 - -29?
6a9
In base 10, what is 2 - 48?
-46
In base 7, what is -5606 + -123?
-6032
In base 4, what is 11101 + -21?
11020
In base 14, what is -5 - -1bc7d1?
1bc7ca
In base 14, what is 1615 + -5?
1610
In base 16, what is -2 - -27d6?
27d4
In base 11, what is -11 + -54a4?
-5505
In base 3, what is -101202200 - 1121?
-101211021
In base 6, what is 4222442 + -1?
4222441
In base 7, what is 13 + 4413?
4426
In base 3, what is 1112201 + -1021200?
21001
In base 10, what is 9 + 18578?
18587
In base 12, what is 20 + 83b?
85b
In base 10, what is -2542 - -323?
-2219
In base 9, what is -5 + -170736?
-170742
In base 16, what is -144 - 23?
-167
In base 2, what is 110101000011 + 1011111?
110110100010
In base 15, what is -22c4 + -133?
-2407
In base 12, what is 13a + 263?
3a1
In base 6, what is -15 - 4433?
-4452
In base 6, what is -344 + 214?
-130
In base 16, what is 5 - -2e5b9?
2e5be
In base 12, what is 5 + 64988?
64991
In base 6, what is -114243151 - 5?
-114243200
In base 3, what is 12 - 102011122001?
-102011121212
In base 15, what is 71e + 46?
765
In base 16, what is 538bb + 4?
538bf
In base 14, what is -3 + 51d3?
51d0
In base 4, what is 32111120 + 2?
32111122
In base 5, what is -43114 + -331?
-44000
In base 3, what is -201 + -2101212010?
-2101212211
In base 15, what is 12bcb - -5?
12bd1
In base 13, what is c499 + 4?
c4a0
In base 7, what is 136 - 35233?
-35064
In base 15, what is -18 - -561?
548
In base 11, what is -1 + -17305?
-17306
In base 12, what is -1752 + 9?
-1745
In base 7, what is 141323 - 0?
141323
In base 3, what is 12 + -1010212200002?
-1010212122220
In base 16, what is -22bc + 3?
-22b9
In base 10, what is 465 - 867?
-402
In base 12, what is -5 - -98356?
98351
In base 6, what is -5 - -35443?
35434
In base 7, what is 34623 - -24?
34650
In base 8, what is -1133502 - -4?
-1133476
In base 10, what is -3 + 7075?
7072
In base 14, what is -7a2 - 18?
-7ba
In base 9, what is 20 + -640?
-620
In base 14, what is 13 + -166d?
-165a
In base 12, what is -a56092 + -2?
-a56094
In base 8, what is 57 + -1264?
-1205
In base 4, what is 3010203122 - 3?
3010203113
In base 7, what is -333 + 142442?
142106
In base 14, what is 1bb9 - -c?
1bc7
In base 7, what is 40134 - -54?
40221
In base 14, what is -20 - -1130?
1110
In base 3, what is 201212020 - -12?
201212102
In base 10, what is -856043 - 1?
-856044
In base 11, what is -8a18 - -34?
-8994
In base 5, what is -2 - -1024122?
1024120
In base 9, what is -101664 + 7?
-101656
In base 5, what is -1 + -23200?
-23201
In base 10, what is -5299 + 251?
-5048
In base 9, what is -130 - 7028?
-7158
In base 4, what is -23 - -12110233?
12110210
In base 3, what is -122112 + -11?
-122200
In base 3, what is 121212111020 - 1?
121212111012
In base 3, what is -101022100 + 10?
-101022020
In base 14, what is -19 - -adaa?
ad91
In base 13, what is -4 + 3b5b?
3b57
In base 8, what is -3 + 101337?
101334
In base 11, what is -1a1 + -749?
-93a
In base 16, what is -1c + 300c?
2ff0
In base 15, what is -11 + 4041?
4030
In base 3, what is 200200200022 + -1?
200200200021
In base 14, what is 16 + -5041?
-5029
In base 16, what is -18167b + 3?
-181678
In base 4, what is -3012232200 + -10?
-3012232210
In base 11, what is 26247 + 13?
2625a
In base 4, what is 10003001 + -302?
10002033
In base 16, what is -8 + 7cef?
7ce7
In base 15, what is -8 + 12dbd?
12db5
In base 2, what is 10111010010001 - -1?
10111010010010
In base 12, what is -8a3452 + -5?
-8a3457
In base 8, what is 0 - 411073?
-411073
In base 9, what is -2452 - 76?
-2538
In base 7, what is 16 + -66416?
-66400
In base 15, what is 0 - -39cb?
39cb
In base 14, what is 2417 - -b2?
24c9
In base 2, what is -1011111010101001110 + 0?
-1011111010101001110
In base 16, what is 6 - 890?
-88a
In base 14, what is 23 + -40dd?
-40ba
In base 3, what is -11122122221 + -201?
-11122200122
In base 14, what is 11d + 546?
665
In base 12, what is -43 - 242?
-285
In base 11, what is 2 - 17331?
-1732a
In base 12, what is -aa040 + -4?
-aa044
In base 9, what is -18 + -10608?
-10627
In base 11, what is 1519 + -41?
1488
In base 6, what is 1050 - -23?
1113
In base 8, what is 4 - -6674?
6700
In base 5, what is -4 - -4030103?
4030044
In base 6, what is -133310 - -11?
-133255
In base 15, what is -1d066 - -14?
-1d052
In base 13, what is 5 + -150c2?
-150ba
In base 16, what is -32c + 5?
-327
In base 8, what is 2 + -120501?
-120477
In base 3, what is 2210 - 1121010?
-1111100
In base 11, what is 444 - -40?
484
In base 12, what is -b1934 + -3?
-b1937
In base 3, what is -1011 - -2112?
1101
In base 14, what is 18 - 2549?
-2531
In base 6, what is -1434 + 3422?
1544
In base 5, what is 111441 + 134?
112130
In base 5, what is 141 + -2121?
-1430
In base 6, what is 234524 - 0?
234524
In base 5, what is -2043 + -2010?
-4103
In base 12, what is -59 - 10bab?
-11048
In base 6, what is 1 + -4543314?
-4543313
In base 13, what is 0 + 97a61?
97a61
In base 15, what is 5 + -4ba6?
-4ba1
In base 5, what is 21 - -110432?
111003
In base 11, what is -718 + -a?
-727
In base 11, what is -1a95 + 18?
-1a78
In base 9, what is 3 + -14720?
-14716
In base 10, what is -19 + -1627?
-1646
In base 16, what is f7 + 50d?
604
In base 8, what is -77131 + 66?
-77043
In base 10, what is 6375 + 252?
6627
In base 7, what is -13160 + 6?
-13151
In base 3, what is 2 + 100201121?
100201200
In base 2, what is 110100 - -1100000001?
1100110101
In base 2, what is -10110001101011111111110 - 0?
-10110001101011111111110
In base 13, what is -109 - 15ac?
-16b8
In base 4, what is 12031 + -2211?
3220
In base 7, what is 13 + 24210?
24223
In base 7, what is 2236365 + -3?
2236362
In base 9, what is -1057 - 14?
-1072
In base 6, what is 30150 + 15?
30205
In base 4, what is -10 - 301211?
-301221
In base 9, what is 111062 - -22?
111084
In base 15, what is -4 - 24722?
-24726
In base 15, what is -17a + -195?
-320
In base 12, what is 9995 + -4?
9991
In base 12, what is 110 + 128?
238
In base 15, what is -7 + 9730?
9728
In base 2, what is -100011111001 - 11010100?
-100111001101
In base 9, what is -62 - 11184?
-11256
In base 16, what is a9 + -736?
-68d
In base 14, what is -43 - -71?
2c
In base 14, what is 1401 + -d8?
1307
In base 15, what is b - -2bd5?
2be1
In base 6, what is 4314051 - -33?
4314124
In base 2, what is 1011 - 101011101111?
-101011100100
In base 10, what is 335 + 20?
355
In base 10, what is -4130 - -6?
-4124
In base 5, what is 102434413 - 2?
102434411
In base 7, what is -216120 + 42?
-216045
In base 3, what is -11 - -2221121000?
2221120212
In base 10, what is -11 - 18084?
-18095
In base 7, what is 5 - -264303?
264311
In base 9, what is 1 - 487824?
-487823
In base 14, what is -11a8 + a?
-119c
In base 11, what is 13365 + a?
13374
In base 11, what is -4 + -26a879?
-26a882
In base 10, what is 4 - -28260?
28264
In base 10, what is -1 - 1144745?
-1144746
In base 8, what is 1665204 + 4?
1665210
In base 6, what is -131 + -24104?
-24235
In base 3, what is -220102001 - -10?
-220101221
In base 4, what is 23 + 1031232?
1031321
In base 8, what is 43650 - 117?
43531
In base 9, what is 60264 + 3?
60267
In base 5, what is 10 - 100110124?
-100110114
In base 6, what is 1052343 - -10?
1052353
In base 6, what is 3234 + 525?
4203
In base 16, what is 4 + 74ece?
74ed2
In base 16, what is a6f + -2?
a6d
In base 16, what is -56 + c64?
c0e
In base 8, what is -4 + 20344?
20340
In base 13, what is -c17c - -4?
-c178
In base 14, what is 229d9 + 2?
229db
In base 16, what is -386ad - -1e?
-3868f
In base 14, what is 449 - 2b82?
-2737
In base 11, what is 36359 + -7?
36352
In base 6, what is -4201520 + -3?
-4201523
In base 12, what is 18b086 + -2?
18b084
In base 3, what is 201021 - 1001?
200020
In base 7, what is -356 - 351?
-1040
In base 3, what is 1 - 120201011?
-120201010
In base 14, what is 35373 + a?
3537d
In base 12, what is 3 - -13006?
13009
In base 5, what is 3 + 3223414?
3223422
In base 8, what is -231013 - -67?
-230724
In base 6, what is 1 - -1042205?
1042210
In base 6, what is 40312 - -13?
40325
In base 10, what is 4080 + -89?
3991
In base 11, what is 1987 - -62?
1a39
In base 8, what is 57 + -6401?
-6322
In base 14, what is -c1 + 77?
-48
In base 15,